 is -3c (base 14) in base 11?
-4a
Convert -5 (base 11) to base 13.
-5
-2 (base 12) to base 3
-2
2c (base 16) to base 15
2e
-100000 (base 2) to base 3
-1012
-113 (base 8) to base 2
-1001011
Convert -147 (base 10) to base 16.
-93
What is 12 (base 12) in base 15?
e
-10 (base 2) to base 3
-2
Convert 2 (base 15) to base 6.
2
What is 8 (base 10) in base 7?
11
Convert -2 (base 13) to base 8.
-2
Convert -14 (base 9) to base 5.
-23
1203 (base 5) to base 2
10110010
-14 (base 8) to base 15
-c
5 (base 13) to base 3
12
What is 201 (base 6) in base 13?
58
Convert -145 (base 9) to base 13.
-95
Convert 4 (base 12) to base 4.
10
What is 11 (base 2) in base 16?
3
What is -3 (base 12) in base 3?
-10
Convert 1 (base 8) to base 3.
1
What is 3b (base 12) in base 11?
43
154 (base 15) to base 13
1a5
Convert 3 (base 4) to base 16.
3
-125 (base 9) to base 5
-404
What is -332 (base 4) in base 10?
-62
What is 2 (base 11) in base 9?
2
-3322 (base 4) to base 7
-505
What is -434 (base 5) in base 8?
-167
Convert 13 (base 12) to base 14.
11
What is 0 (base 13) in base 15?
0
21 (base 3) to base 4
13
What is 1 (base 7) in base 15?
1
What is -9 (base 16) in base 10?
-9
Convert -111 (base 3) to base 14.
-d
-3 (base 8) to base 6
-3
Convert -100 (base 2) to base 14.
-4
122 (base 3) to base 13
14
Convert b8 (base 16) to base 15.
c4
-9 (base 13) to base 5
-14
Convert c8 (base 14) to base 11.
150
What is 42 (base 10) in base 12?
36
19 (base 15) to base 13
1b
Convert -2 (base 16) to base 8.
-2
Convert -1001 (base 2) to base 14.
-9
0 (base 14) to base 12
0
What is 11 (base 13) in base 14?
10
Convert 101 (base 4) to base 5.
32
Convert 11 (base 3) to base 5.
4
Convert 0 (base 13) to base 9.
0
Convert 11010 (base 2) to base 15.
1b
-6 (base 14) to base 4
-12
What is 15 (base 7) in base 14?
c
10 (base 8) to base 3
22
What is -13 (base 8) in base 2?
-1011
What is -10 (base 12) in base 7?
-15
Convert -511 (base 6) to base 15.
-c7
-7 (base 8) to base 11
-7
Convert -21 (base 7) to base 8.
-17
Convert 30 (base 4) to base 10.
12
0 (base 8) to base 10
0
21 (base 7) to base 4
33
Convert -10000 (base 3) to base 5.
-311
Convert -10 (base 5) to base 15.
-5
What is 110 (base 2) in base 16?
6
What is 1 (base 15) in base 7?
1
-24 (base 15) to base 7
-46
Convert -4 (base 12) to base 4.
-10
What is 1022 (base 3) in base 4?
203
-2 (base 12) to base 6
-2
Convert -130 (base 7) to base 6.
-154
What is 0 (base 11) in base 9?
0
What is 1 (base 13) in base 3?
1
Convert 10302 (base 4) to base 13.
1a7
4 (base 13) to base 15
4
What is 21 (base 14) in base 10?
29
Convert 22 (base 14) to base 9.
33
54 (base 10) to base 5
204
-130 (base 7) to base 8
-106
What is 224 (base 5) in base 8?
100
What is -20 (base 11) in base 14?
-18
Convert -2a (base 11) to base 15.
-22
Convert 18 (base 13) to base 9.
23
Convert -33 (base 13) to base 2.
-101010
-218 (base 9) to base 11
-153
What is -24 (base 11) in base 5?
-101
Convert 21 (base 10) to base 2.
10101
Convert -24 (base 5) to base 6.
-22
What is 3 (base 8) in base 2?
11
Convert 6 (base 16) to base 8.
6
What is -123 (base 11) in base 14?
-a6
Convert -4 (base 15) to base 4.
-10
What is 2 (base 8) in base 14?
2
What is -65 (base 12) in base 16?
-4d
-3 (base 12) to base 3
-10
What is -245 (base 9) in base 15?
-d8
What is 30 (base 9) in base 12?
23
-4 (base 11) to base 9
-4
Convert -6 (base 7) to base 9.
-6
-110011 (base 2) to base 11
-47
Convert -20 (base 5) to base 6.
-14
7 (base 14) to base 7
10
What is -4 (base 9) in base 4?
-10
Convert 1 (base 6) to base 7.
1
Convert -5 (base 7) to base 8.
-5
What is 2111 (base 4) in base 5?
1044
Convert -28 (base 9) to base 4.
-122
1112 (base 3) to base 13
32
Convert -11 (base 5) to base 7.
-6
What is 3 (base 16) in base 14?
3
Convert -4 (base 9) to base 14.
-4
a (base 13) to base 8
12
Convert -10 (base 15) to base 3.
-120
What is 111002 (base 3) in base 4?
11201
What is 4 (base 6) in base 7?
4
What is 0 (base 7) in base 11?
0
What is 181 (base 9) in base 8?
232
Convert 11 (base 5) to base 4.
12
2 (base 7) to base 4
2
-130 (base 5) to base 14
-2c
2 (base 15) to base 8
2
202 (base 7) to base 11
91
What is 2 (base 15) in base 7?
2
Convert -110 (base 2) to base 8.
-6
What is 6 (base 9) in base 7?
6
6 (base 9) to base 10
6
What is -112 (base 5) in base 4?
-200
What is 2 (base 13) in base 16?
2
What is 0 (base 9) in base 13?
0
Convert 6 (base 7) to base 13.
6
Convert -6 (base 15) to base 16.
-6
Convert -31 (base 6) to base 8.
-23
What is -23 (base 7) in base 2?
-10001
Convert -9 (base 11) to base 5.
-14
What is 132 (base 14) in base 13?
156
What is 16 (base 9) in base 2?
1111
Convert -81 (base 11) to base 7.
-155
What is 57 (base 16) in base 7?
153
Convert -1 (base 6) to base 10.
-1
10001 (base 3) to base 13
64
0 (base 16) to base 13
0
-2 (base 3) to base 4
-2
Convert -20 (base 8) to base 3.
-121
What is -30 (base 10) in base 3?
-1010
What is -222 (base 9) in base 2?
-10110110
What is 10 (base 6) in base 5?
11
Convert -1 (base 6) to base 9.
-1
1c (base 15) to base 8
33
Convert -3 (base 10) to base 9.
-3
What is 43 (base 10) in base 5?
133
223 (base 8) to base 9
173
Convert -2 (base 4) to base 9.
-2
What is -5 (base 7) in base 2?
-101
132 (base 6) to base 12
48
What is -b (base 12) in base 8?
-13
What is 20 (base 8) in base 9?
17
What is b7 (base 15) in base 9?
211
Convert -101 (base 2) to base 11.
-5
-33 (base 6) to base 11
-1a
Convert -1000110 (base 2) to base 5.
-240
Convert 59 (base 11) to base 13.
4c
-23 (base 9) to base 13
-18
Convert 9 (base 12) to base 2.
1001
Convert 5 (base 6) to base 12.
5
-18 (base 10) to base 7
-24
What is -2201 (base 4) in base 10?
-161
What is -15 (base 6) in base 9?
-12
What is -2 (base 13) in base 8?
-2
What is -10 (base 13) in base 14?
-d
-1312 (base 4) to base 9
-141
Convert -3 (base 5) to base 10.
-3
What is 110 (base 5) in base 2?
11110
What is -68 (base 13) in base 15?
-5b
Convert -90 (base 15) to base 12.
-b3
1431 (base 5) to base 6
1041
-3b (base 16) to base 12
-4b
Convert -6 (base 8) to base 11.
-6
What is -1 (base 13) in base 14?
-1
-14 (base 9) to base 13
-10
e (base 16) to base 12
12
What is 2 (base 5) in base 15?
2
-1 (base 13) to base 4
-1
Convert -2 (base 12) to base 5.
-2
3 (base 9) to base 4
3
Convert -14 (base 6) to base 5.
-20
Convert 1021 (base 5) to base 9.
161
Convert 1000 (base 2) to base 8.
10
Convert -1 (base 9) to base 2.
-1
What is -3 (base 12) in base 16?
-3
42 (base 5) to base 13
19
What is 0 (base 4) in base 16?
0
110 (base 4) to base 14
16
Convert 4 (base 6) to base 8.
4
Convert -151 (base 13) to base 16.
-eb
Convert -5 (base 12) to base 6.
-5
7 (base 10) to base 5
12
What is 215 (base 7) in base 10?
110
Convert 20 (base 4) to base 12.
8
Convert 20 (base 4) to base 14.
8
Convert 1000 (base 5) to base 11.
104
Convert 78 (base 10) to base 6.
210
-32 (base 9) to base 7
-41
What is 0 (base 7) in base 14?
0
a3 (base 12) to base 14
8b
Convert -100 (base 2) to base 14.
-4
-11200 (base 3) to base 14
-90
What is 4 (base 16) in base 12?
4
10 (base 2) to base 3
2
What is -146 (base 12) in base 7?
-402
Convert 221 (base 3) to base 9.
27
What is -7 (base 15) in base 10?
-7
Convert -10 (base 5) to base 8.
-5
4 (base 14) to base 8
4
What is 2 (base 8) in base 10?
2
What is -10111 (base 2) in base 8?
-27
0 (base 16) to base 9
0
Convert -c (base 15) to base 10.
-12
What is 110100 (base 2) in base 8?
64
What is 14 (base 10) in base 13?
11
-9 (base 14) to base 2
-1001
What is 1111 (base 2) in base 8?
17
101100 (base 2) to base 3
1122
Convert 60 (base 8) to base 14.
36
Convert -3 (base 13) to base 12.
-3
What is 10 (base 2) in base 10?
2
2 (base 12) to base 7
2
Convert a (base 16) to base 10.
10
Convert -102 (base 4) to base 13.
-15
Convert -4 (base 5) to base 12.
-4
-23 (base 15) to base 14
-25
What is -8 (base 9) in base 10?
-8
-174 (base 9) to base 11
-125
0 (base 7) to base 8
0
Convert 0 (base 14) to base 15.
0
Convert -4 (base 14) to base 4.
-10
What is -3 (base 16) in base 9?
-3
Convert 4 (base 16) to base 8.
4
4 (base 5) to base 4
10
What is 2 (base 12) in base 3?
2
Convert 51 (base 16) to base 10.
81
Convert 1 (base 10) to base 8.
1
Convert 4 (base 15) to base 6.
4
Convert 102 (base 3) to base 11.
10
Convert 2 (base 16) to base 15.
2
-7a (base 14) to base 16
-6c
-3 (base 5) to base 3
-10
What is